?
8
What is the tens digit of 142332925?
2
What is the hundreds digit of 135311703?
7
What is the millions digit of 70804873?
0
What is the ten millions digit of 384238900?
8
What is the millions digit of 11084035?
1
What is the thousands digit of 369055421?
5
What is the tens digit of 68374148?
4
What is the thousands digit of 658633146?
3
What is the hundreds digit of 6232255?
2
What is the ten thousands digit of 828128452?
2
What is the ten millions digit of 626112983?
2
What is the millions digit of 42945597?
2
What is the hundred thousands digit of 357229383?
2
What is the hundred thousands digit of 748578424?
5
What is the ten thousands digit of 32439686?
3
What is the ten thousands digit of 4127063871?
6
What is the tens digit of 57332917?
1
What is the hundreds digit of 385794232?
2
What is the hundreds digit of 58212174?
1
What is the ten millions digit of 841820060?
4
What is the ten millions digit of 218415589?
1
What is the ten thousands digit of 375518409?
1
What is the ten millions digit of 2644808446?
4
What is the hundred millions digit of 338633410?
3
What is the tens digit of 132819404?
0
What is the tens digit of 118589750?
5
What is the ten thousands digit of 546109300?
0
What is the ten thousands digit of 86370065?
7
What is the hundred millions digit of 1244848910?
2
What is the units digit of 143101394?
4
What is the millions digit of 1214821?
1
What is the hundred millions digit of 5480426742?
4
What is the hundred millions digit of 363897850?
3
What is the ten millions digit of 1565033478?
6
What is the millions digit of 107708932?
7
What is the hundred thousands digit of 214534991?
5
What is the ten thousands digit of 315335629?
3
What is the hundred thousands digit of 78309848?
3
What is the hundreds digit of 3099705669?
6
What is the hundreds digit of 233604465?
4
What is the millions digit of 15313847?
5
What is the hundreds digit of 126854816?
8
What is the millions digit of 20104828?
0
What is the millions digit of 30106836?
0
What is the units digit of 33953214?
4
What is the ten thousands digit of 36268058?
6
What is the hundreds digit of 171593447?
4
What is the thousands digit of 4537346456?
6
What is the hundred thousands digit of 1247928200?
9
What is the hundreds digit of 1129846440?
4
What is the ten thousands digit of 250886531?
8
What is the ten thousands digit of 3562811937?
1
What is the ten millions digit of 622381870?
2
What is the billions digit of 1155474422?
1
What is the millions digit of 1514642101?
4
What is the thousands digit of 80122823?
2
What is the ten millions digit of 32698986?
3
What is the units digit of 203785422?
2
What is the billions digit of 1233208473?
1
What is the hundred millions digit of 241699744?
2
What is the units digit of 80956312?
2
What is the ten thousands digit of 4009425?
0
What is the hundreds digit of 13147506?
5
What is the tens digit of 72466248?
4
What is the ten millions digit of 505521772?
0
What is the ten millions digit of 3184540181?
8
What is the units digit of 104976858?
8
What is the hundred thousands digit of 49260770?
2
What is the units digit of 268830722?
2
What is the units digit of 48204021?
1
What is the units digit of 622757823?
3
What is the ten thousands digit of 634318877?
1
What is the ten millions digit of 308018881?
0
What is the ten millions digit of 26071188?
2
What is the billions digit of 1758966559?
1
What is the tens digit of 10460492?
9
What is the ten millions digit of 32302056?
3
What is the ten millions digit of 24273908?
2
What is the thousands digit of 868303849?
3
What is the ten millions digit of 26440155?
2
What is the hundreds digit of 82957225?
2
What is the thousands digit of 223707022?
7
What is the thousands digit of 164598540?
8
What is the ten thousands digit of 415618145?
1
What is the units digit of 189495323?
3
What is the units digit of 3055671509?
9
What is the hundreds digit of 2680246?
2
What is the hundred millions digit of 2805187885?
8
What is the ten thousands digit of 549058984?
5
What is the hundred thousands digit of 5468272877?
2
What is the hundred millions digit of 1507089439?
5
What is the tens digit of 100904769?
6
What is the tens digit of 28489469?
6
What is the tens digit of 28019534?
3
What is the billions digit of 2219396616?
2
What is the millions digit of 47346595?
7
What is the ten millions digit of 107499372?
0
What is the ten millions digit of 24104054?
2
What is the tens digit of 283101329?
2
What is the millions digit of 36663906?
6
What is the hundreds digit of 982238213?
2
What is the hundreds digit of 4599441340?
3
What is the hundreds digit of 18446161?
1
What is the ten millions digit of 52092545?
5
What is the hundred thousands digit of 443471137?
4
What is the ten thousands digit of 15797685?
9
What is the units digit of 1985368685?
5
What is the hundred thousands digit of 398668613?
6
What is the thousands digit of 743251991?
1
What is the units digit of 49984173?
3
What is the units digit of 823066127?
7
What is the units digit of 74896215?
5
What is the billions digit of 1145110942?
1
What is the tens digit of 9043450125?
2
What is the hundreds digit of 143591472?
4
What is the units digit of 54491508?
8
What is the millions digit of 79330915?
9
What is the tens digit of 418622446?
4
What is the ten thousands digit of 50377029?
7
What is the billions digit of 1259055146?
1
What is the thousands digit of 317248772?
8
What is the ten thousands digit of 3853959675?
5
What is the hundreds digit of 177684664?
6
What is the tens digit of 172209909?
0
What is the tens digit of 922792391?
9
What is the hundred thousands digit of 246593763?
5
What is the hundreds digit of 1273042066?
0
What is the thousands digit of 81001843?
1
What is the hundred millions digit of 4433727324?
4
What is the tens digit of 1151689940?
4
What is the thousands digit of 33156560?
6
What is the hundred thousands digit of 2296667326?
6
What is the hundreds digit of 716724337?
3
What is the hundreds digit of 73463357?
3
What is the hundreds digit of 146044440?
4
What is the units digit of 36452245?
5
What is the hundreds digit of 1986220063?
0
What is the millions digit of 1700172875?
0
What is the hundred millions digit of 1269198574?
2
What is the hundreds digit of 3719965695?
6
What is the thousands digit of 2030922223?
2
What is the hundreds digit of 434579907?
9
What is the ten thousands digit of 69198735?
9
What is the hundreds digit of 3926383188?
1
What is the millions digit of 133644286?
3
What is the hundreds digit of 344246678?
6
What is the hundred thousands digit of 1602729585?
7
What is the hundreds digit of 4355846337?
3
What is the thousands digit of 834891766?
1
What is the hundreds digit of 86854852?
8
What is the thousands digit of 2664943530?
3
What is the hundred millions digit of 1336533407?
3
What is the hundred millions digit of 153778396?
1
What is the millions digit of 237968667?
7
What is the hundreds digit of 56845251?
2
What is the ten thousands digit of 3507789532?
8
What is the ten millions digit of 117903872?
1
What is the thousands digit of 573032263?
2
What is the millions digit of 94795300?
4
What is the units digit of 1055441932?
2
What is the hundred thousands digit of 6039140359?
1
What is the millions digit of 1499204717?
9
What is the millions digit of 45395309?
5
What is the millions digit of 769576302?
9
What is the hundred millions digit of 140975786?
1
What is the thousands digit of 5808341?
8
What is the thousands digit of 526068713?
8
What is the ten millions digit of 241796038?
4
What is the billions digit of 4619663937?
4
What is the hundred millions digit of 593076065?
5
What is the hundred millions digit of 341435806?
3
What is the ten thousands digit of 87908186?
0
What is the hundred thousands digit of 850033388?
0
What is the hundreds digit of 1561744262?
2
What is the millions digit of 61609147?
1
What is the thousands digit of 184687488?
7
What is the ten thousands digit of 53114886?
1
What is the thousands digit of 2214824857?
4
What is the ten thousands digit of 58660641?
6
What is the hundreds digit of 6293364?
3
What is the units digit of 4158432611?
1
What is the tens digit of 41815451?
5
What is the units digit of 1529353639?
9
What is the unit